at is the greatest common factor of 15122972 and 2319?
773
Calculate the greatest common divisor of 1 and 50679482.
1
What is the greatest common divisor of 3086 and 26911463?
1543
Calculate the greatest common factor of 813 and 180042644.
271
Calculate the highest common divisor of 18715785 and 22165.
1705
Calculate the highest common divisor of 385180538 and 284.
142
Calculate the highest common factor of 402768290 and 83.
83
Calculate the greatest common divisor of 1183 and 2016508.
169
What is the greatest common divisor of 141850138 and 1546?
1546
What is the highest common divisor of 1886 and 498594?
46
What is the greatest common divisor of 353565 and 404490?
1455
What is the highest common factor of 659412 and 3276?
468
What is the greatest common factor of 5264728 and 39032?
2296
What is the greatest common divisor of 14 and 1774053?
1
Calculate the highest common divisor of 11547367 and 259.
37
What is the greatest common factor of 46179 and 9261?
63
Calculate the highest common divisor of 11071434 and 264.
66
Calculate the greatest common factor of 2333570 and 5.
5
Calculate the greatest common divisor of 5541734 and 22.
22
What is the highest common divisor of 2273590 and 20?
10
Calculate the greatest common factor of 2249353 and 38.
19
Calculate the highest common divisor of 5523 and 5900142.
789
Calculate the highest common divisor of 16266 and 163204911.
8133
What is the greatest common divisor of 30115 and 559822?
317
Calculate the highest common factor of 17398 and 138452.
2
What is the greatest common factor of 27144 and 470808?
936
Calculate the highest common divisor of 4233 and 757163.
17
What is the highest common factor of 151200120 and 960?
120
What is the greatest common factor of 1142280424 and 2344?
2344
What is the highest common divisor of 48 and 5146488?
24
What is the highest common factor of 6031 and 347353?
163
What is the greatest common factor of 2337 and 64833833?
779
What is the highest common factor of 2040 and 47345880?
120
What is the highest common divisor of 1347884 and 1585?
317
What is the greatest common factor of 38515889 and 2867?
47
Calculate the greatest common factor of 42 and 24623053.
7
What is the highest common factor of 5808 and 7320258?
726
Calculate the greatest common divisor of 591 and 12146429.
197
Calculate the greatest common factor of 240 and 856830.
30
Calculate the greatest common divisor of 14395479 and 6993.
777
Calculate the highest common factor of 13518 and 3813578.
1502
What is the highest common factor of 66668 and 11298?
14
What is the greatest common divisor of 1360 and 31647610?
10
What is the highest common factor of 180042 and 2403804?
4866
Calculate the greatest common factor of 26471826 and 1197.
171
What is the highest common divisor of 3578810 and 50100?
1670
What is the greatest common factor of 182100549 and 68?
17
Calculate the greatest common factor of 130818072 and 9048.
696
Calculate the highest common divisor of 104868325 and 3859.
3859
What is the greatest common factor of 12787 and 24479702?
673
Calculate the greatest common factor of 2186570 and 910.
10
What is the highest common divisor of 41006 and 9860?
58
What is the highest common factor of 26 and 273552773?
13
Calculate the highest common factor of 20460640 and 164.
164
Calculate the greatest common factor of 71179 and 270844.
17
Calculate the highest common divisor of 149695 and 31255.
1645
What is the greatest common factor of 25809 and 1182552?
21
Calculate the greatest common divisor of 505 and 912415012.
101
Calculate the highest common factor of 110 and 127971790.
10
What is the highest common divisor of 285727776 and 114?
114
What is the highest common factor of 1240297 and 139?
139
Calculate the greatest common divisor of 8295719 and 132977.
10229
Calculate the greatest common factor of 12742097 and 296.
37
What is the highest common divisor of 328 and 11778439?
41
What is the highest common divisor of 658582102 and 5108?
2554
What is the highest common divisor of 93 and 70782?
3
Calculate the highest common factor of 3905 and 15246682.
781
Calculate the highest common divisor of 1232 and 8364642.
22
What is the highest common divisor of 9620755 and 1010?
505
What is the highest common factor of 3542 and 766843?
1771
Calculate the highest common divisor of 1202189 and 3553.
17
What is the highest common factor of 50809 and 3803173?
341
Calculate the highest common factor of 2832 and 37609196.
236
Calculate the highest common factor of 200 and 96218050.
50
What is the highest common divisor of 227040 and 5547?
129
Calculate the highest common factor of 6745 and 1891735.
95
What is the highest common divisor of 59042700 and 2200?
100
What is the highest common divisor of 1895135 and 2585?
55
Calculate the greatest common divisor of 2479685 and 65.
65
What is the highest common divisor of 2720223 and 2451?
129
What is the highest common factor of 84250 and 88294?
674
Calculate the greatest common factor of 11594331 and 17671.
431
What is the highest common divisor of 26379 and 54945?
27
Calculate the highest common divisor of 30866 and 3853553.
671
Calculate the highest common divisor of 3696 and 827442.
462
What is the greatest common factor of 11840736 and 576?
96
What is the greatest common factor of 644 and 3859423?
23
Calculate the highest common factor of 131406199 and 93725.
3749
Calculate the greatest common factor of 1061832 and 31937.
293
What is the highest common divisor of 122411608 and 11?
11
What is the greatest common divisor of 191936 and 567232?
64
Calculate the greatest common factor of 150328 and 8878092.
1748
What is the highest common factor of 8802035 and 20615?
95
Calculate the greatest common divisor of 236048 and 128.
16
Calculate the highest common factor of 3811604 and 136.
68
What is the greatest common factor of 43 and 2077474351?
43
What is the greatest common factor of 1111780 and 3340?
20
Calculate the highest common factor of 60484753 and 14.
7
Calculate the highest common factor of 94178 and 428606.
1922
Calculate the greatest common factor of 875 and 762704775.
175
What is the highest common factor of 89354383 and 597?
199
What is the greatest common factor of 753654 and 798?
114
What is the highest common divisor of 1822854 and 317424?
2334
Calculate the highest common factor of 1687 and 46515.
7
Calculate the greatest common divisor of 105 and 44891805.
105
Calculate the greatest common factor of 48274641 and 36.
9
Calculate the highest common divisor of 1581 and 617241.
93
Calculate the greatest common divisor of 22380190 and 777.
259
What is the highest common factor of 3478 and 3832474?
94
What is the highest common factor of 31508 and 12?
4
What is the highest common divisor of 72 and 3041135016?
24
Calculate the greatest common divisor of 40609908 and 13446.
1494
Calculate the greatest common divisor of 31201344 and 30438.
342
Calculate the greatest common divisor of 25548439 and 112.
7
What is the highest common divisor of 77643736 and 3048?
1016
Calculate the greatest common divisor of 25727141 and 2136.
89
What is the highest common divisor of 572 and 97733350?
286
Calculate the greatest common factor of 109160618 and 27482.
2114
Calculate the highest common divisor of 3967 and 1007899657.
3967
What is the greatest common divisor of 1581 and 8037432?
93
What is the highest common divisor of 117461016 and 972?
324
Calculate the highest common factor of 46488689 and 676.
169
What is the greatest common divisor of 5452672 and 7216?
656
What is the greatest common divisor of 906558890 and 20?
10
What is the greatest common factor of 15946 and 854987?
469
Calculate the greatest common factor of 158993814 and 63.
21
What is the greatest common divisor of 357 and 58271835?
51
Calculate the highest common divisor of 742 and 399448.
14
What is the highest common divisor of 50 and 164877710?
10
Calculate the highest common factor of 198946309 and 123.
41
What is the greatest common factor of 48 and 262793904?
48
What is the highest common factor of 426767 and 2453?
11
What is the greatest common divisor of 317514 and 933?
3
Calculate the highest common divisor of 108 and 258053850.
54
Calculate the highest common divisor of 19562006 and 207.
23
What is 